 27554845?
False
Is 6016738 a multiple of 37?
False
Does 11 divide 262876251?
True
Is 367271264 a multiple of 68?
True
Is 48 a factor of 279618336?
True
Does 34 divide 2495143482?
True
Is 4073432374 a multiple of 505?
False
Is 12192816 even?
True
Does 163 divide 15613395?
False
Is 601 a factor of 6546693?
True
Is 38209466 a multiple of 346?
False
Does 2 divide 114155309?
False
Does 101 divide 720559423?
False
Is 585743 a multiple of 203?
False
Does 7 divide 151951697?
False
Is 23 a factor of 683120629?
False
Is 3609 a factor of 4575237570?
True
Does 11 divide 1343047588?
False
Does 2044 divide 111870164?
True
Does 190 divide 21978440?
True
Is 1758446122 a multiple of 5?
False
Is 509336083 a multiple of 12?
False
Is 395 a factor of 3448641?
False
Is 74554868 a multiple of 3?
False
Is 27 a factor of 232812522?
True
Is 566236295 a multiple of 33?
False
Is 819324746 a multiple of 643?
True
Does 13 divide 198079375?
True
Is 2185763710 a multiple of 410?
True
Does 338 divide 22296162?
False
Is 229524449 a multiple of 188?
False
Is 66462466 a multiple of 18?
False
Is 14915888 a multiple of 26?
True
Is 12847316 a multiple of 193?
False
Is 10 a factor of 67438935?
False
Does 6 divide 28797756?
True
Does 228 divide 2535132?
True
Is 106 a factor of 8341140?
True
Does 56 divide 698719728?
True
Does 1974 divide 176933568?
True
Does 493 divide 46729297?
False
Does 1310 divide 27603010?
True
Does 1837 divide 747069484?
False
Does 1472 divide 58810816?
True
Is 490 a factor of 20164434?
False
Does 147 divide 490006566?
True
Is 1203 a factor of 110776593?
False
Does 140 divide 28107100?
True
Is 37839331 a multiple of 18?
False
Is 12 a factor of 66181740?
True
Is 8407 a factor of 909573163?
False
Does 6 divide 723831396?
True
Is 3075 a factor of 105726893?
False
Does 309 divide 948012?
True
Does 28 divide 850293926?
False
Is 237 a factor of 429305073?
False
Does 240 divide 9825600?
True
Is 547617000 a multiple of 15?
True
Is 2964 a factor of 5032738620?
True
Is 145302633 a multiple of 301?
True
Is 1741 a factor of 137707246?
False
Is 168 a factor of 10915529?
False
Does 65 divide 212038190?
True
Is 21648405 a multiple of 11?
False
Does 16 divide 118617966?
False
Is 6506376 a multiple of 2586?
True
Is 45993205 a multiple of 2?
False
Is 27960655 a multiple of 2?
False
Is 14790999 a multiple of 3?
True
Does 22 divide 240212211?
False
Is 371027083 a multiple of 3999?
False
Is 1917 a factor of 456712408?
False
Is 10 a factor of 131091354?
False
Is 900 a factor of 261745200?
True
Is 112558246 a multiple of 237?
False
Is 31 a factor of 2224157?
True
Does 175 divide 114641975?
True
Does 4133 divide 148939031?
False
Is 917130549 a multiple of 1129?
False
Is 12020985 a multiple of 46?
False
Is 9171 a factor of 1811802093?
False
Does 1397 divide 1519752993?
True
Does 9 divide 36339312?
False
Is 24 a factor of 114645297?
False
Does 12 divide 31147008?
True
Does 1312 divide 1686447600?
False
Is 189 a factor of 40275900?
True
Is 201 a factor of 264066770?
False
Is 604 a factor of 22966153?
False
Is 6944128 a multiple of 3?
False
Is 29983072 a multiple of 16?
True
Does 85 divide 23198703?
False
Is 2697650036 a multiple of 656?
False
Is 11 a factor of 139523142?
True
Does 115 divide 95676250?
False
Does 137 divide 87348928?
False
Does 583 divide 32147203?
True
Is 506 a factor of 632651800?
True
Does 90 divide 108770490?
True
Is 148269943 a multiple of 226?
False
Is 3202913 a multiple of 229?
False
Is 488105152 a multiple of 64?
True
Is 115 a factor of 148866695?
True
Does 2 divide 1570219?
False
Does 1772 divide 62395664?
True
Is 37 a factor of 221122416?
False
Is 121925975 a multiple of 1394?
False
Does 10 divide 678454617?
False
Is 1175 a factor of 22762442?
False
Is 11 a factor of 2289353808?
False
Is 33023049 a multiple of 15?
False
Does 3078 divide 489492901?
False
Is 620538250 a multiple of 125?
True
Is 132 a factor of 299277132?
True
Is 853 a factor of 2173362112?
True
Is 265177691 a multiple of 428?
False
Is 6 a factor of 210191898?
True
Is 2286 a factor of 67742606?
False
Is 42635678 a multiple of 21?
False
Is 449 a factor of 39330076?
False
Is 27 a factor of 5484780?
True
Is 124 a factor of 1421076208?
True
Does 1413 divide 36175336?
False
Does 12 divide 73200276?
True
Does 52 divide 2340754676?
True
Does 270 divide 3232369800?
True
Is 3027864356 a multiple of 374?
True
Is 484 a factor of 4732468?
False
Is 27671020 a multiple of 250?
False
Does 53 divide 1716612398?
False
Is 15 a factor of 183092356?
False
Is 519319764 a multiple of 127?
True
Is 401 a factor of 25098991?
True
Does 8 divide 20958555?
False
Is 3000 a factor of 491652710?
False
Does 604 divide 1394608?
False
Is 8397604 a multiple of 138?
False
Is 535639625 a multiple of 1788?
False
Is 736456693 a multiple of 3043?
False
Does 1077 divide 501043977?
False
Does 662 divide 164573469?
False
Is 106 a factor of 158826372?
True
Does 392 divide 14098280?
True
Is 1578 a factor of 645953288?
False
Is 1021848152 a multiple of 113?
True
Is 356039661 a multiple of 26?
False
Is 16 a factor of 235668708?
False
Is 986680920 a multiple of 1009?
True
Does 32 divide 183972035?
False
Does 30 divide 259747170?
True
Is 115027692 a multiple of 40?
False
Is 976462368 a multiple of 3647?
True
Does 36 divide 146493108?
True
Is 1451 a factor of 945848597?
False
Is 292 a factor of 1077065360?
True
Does 1187 divide 662143968?
False
Does 240 divide 627677040?
True
Is 935 a factor of 340778427?
False
Is 42 a factor of 39840192?
True
Is 1892652 a multiple of 6?
True
Is 699 a factor of 23147684?
False
Is 59 a factor of 1907126738?
True
Is 5455330 a multiple of 373?
False
Does 7 divide 17457105?
False
Is 46874080 a multiple of 76?
False
Is 4 a factor of 1227612?
True
Does 392 divide 1846320?
True
Is 650 a factor of 776985752?
False
Does 49 divide 124209953?
True
Is 1736958055 a multiple of 16?
False
Is 68769402 a multiple of 6?
True
Is 407282022 a multiple of 102?
True
Is 10873094 a multiple of 54?
False
Is 22 a factor of 75704352?
False
Is 387 a factor of 40602851?
False
Is 7485 a factor of 341054219?
False
Does 15 divide 79096607?
False
Does 1661 divide 47064435?
True
Is 163247879 a multiple of 6?
False
Is 46457500 a multiple of 377?
False
Is 26241600 a multiple of 672?
True
Is 8050209 a multiple of 519?
True
Does 804 divide 35348599?
False
Is 466702080 a multiple of 260?
True
Is 1160 a factor of 82243913?
False
Does 112 divide 6867504?
True
Does 4013 divide 154793449?
True
Is 653 a factor of 24939776?
False
Is 58706378 a multiple of 67?
False
Does 120 divide 15422089?
False
Is 34 a factor of 66005527?
False
Does 7 divide 5090575?
True
Is 32 a factor of 10056935?
False
Does 2941 divide 1125729511?
True
Does 10 divide 7085020?
True
Does 26 divide 35670778?
True
Does 166 divide 498316562?
True
Is 20979878 a multiple of 124?
False
Does 622 divide 102955490?
False
Does 16 divide 36975808?
True
Is 21734551 a multiple of 2341?
False
Is 16142043 a multiple of 6?
False
Is 2 a factor of 11461205?
False
Is 9515250 a multiple of 30?
True
Is 1097072261 a multiple of 182?
False
Is 249676568 a multiple of 3681?
False
Does 322 divide 5766679?
False
Does 359 divide 26658263?
True
Does 6 divide 8695310?
False
Does 196 divide 400743560?
True
Is 475 a factor of 96106275?
True
Is 672073920 a multiple of 576?
True
Does 83 divide 995570724?
True
Is 2900 a factor of 183688900?
True
Is 347758920 a multiple of 168?
False
Does 25 divide 13727548?
False
Is 34968100 a multiple of 8?
False
Is 705 a factor of 1419989850?
True
Does 5 divide 209050307?
False
Is 40779309 a multiple of 27?
False
Is 284444586 a multiple of 227?
False
Is 2035946 a multiple of 4?
False
Is 36 a factor of 30036312?
True
Does 9 divide 104778369?
True
Is 11 a factor of 12597467?
False
Is 68534290 a multiple of 49?
False
Does 354 divide 378497647?
False
Is 54880516 a multiple of 34?
False
Is 6 a factor of 8811040?
False
Is 106 a factor of 3706955044?
True
Is 243 a factor of 199617141?
False
Does 106 divide 40531366?
False
Is 56 a factor of 11057144?
True
Is 486937811 a multiple of 131?
False
Is 10 a factor of 186452496?
False
Is 91095462 a multiple of 19?
True
Is 1526 a factor of 181439874?
True
Is 77588780 a multiple of 292?
True
Is 345 a factor of 20306700?
True
Does 153 divide 22584330?